and a?
8
Suppose 0 = -3*l - 1 + 10. Let y(p) = -l*p**2 + 4*p**2 - 2 + 3*p**2. Let b be y(2). What is the highest common divisor of b and 2?
2
Suppose 5*u + 4 - 14 = -3*m, 5*m - 2 = -u. Suppose m = 5*l + 5*i - 5 - 70, -5*i = 4*l - 59. What is the greatest common factor of l and 128?
16
Suppose 3*j = 6*j - 291. Let a = j + -31. Suppose -c = 5*p - p + 14, 31 = c - 5*p. Calculate the greatest common factor of a and c.
6
Let p(k) = 3*k + 4. Let h be p(-6). Let x = h + 22. Let s(g) = -g**2 - 19*g - 2. Let r be s(-9). What is the greatest common divisor of r and x?
8
Let s be 3*-6*6/(-9). Calculate the highest common factor of s and 48.
12
Let j(r) be the second derivative of -17*r**3/6 + 3*r**2 - r. Let x be j(-6). Calculate the greatest common factor of 12 and x.
12
Let v(d) = 4*d - 4. Let h be v(11). Let s = -6 - -14. Calculate the highest common factor of h and s.
8
Suppose -l + 102 = 5*t, -328 = 2*l - 6*l - 4*t. Let s be 0/(1*2) - -7. Calculate the greatest common factor of s and l.
7
Let g = 10 - 6. Let u be (-2)/(-2) + g/(-4). Suppose u = 2*v - 5*r - 22, -v - v = 4*r + 14. Calculate the greatest common factor of v and 1.
1
Let t = -36 + 39. Calculate the greatest common factor of t and 24.
3
Suppose 9 - 329 = -5*l. Let p(w) = w**2 + 8. Suppose 0 = -3*h - h. Let m be p(h). What is the greatest common divisor of l and m?
8
Suppose 4*t - 11 = 5. Let g be 9 - -3*4/(-6). Suppose -t*a = -g*a - 2*q + 5, 3*a - 3*q = 15. What is the highest common divisor of 30 and a?
3
Suppose -2*m + 81 = m. Let r = -48 + 51. Calculate the greatest common factor of r and m.
3
Let y = 86 + -75. Calculate the greatest common factor of 1 and y.
1
Suppose -4*p + 5*r = -29, -4*p + 3*r = -9*p - 10. Let a be 1 + -2 + (2 - p). Suppose -8 + a = -j. What is the greatest common divisor of 72 and j?
8
Let r be ((-3)/(-6))/((-2)/(-8)). Calculate the greatest common divisor of 8 and r.
2
Let w = 61 - 21. What is the greatest common divisor of 16 and w?
8
Suppose -o + 0 = -2. Suppose 4*j + 2 = -o*r, 7*j - 6*j + 28 = 5*r. Calculate the greatest common divisor of r and 10.
5
Let o(l) be the second derivative of l**4/12 - 5*l**3/3 + 2*l**2 + l. Let t be o(9). Let f = -4 - t. What is the greatest common divisor of f and 1?
1
Let j be (-366)/(-21) - (-4)/7. Calculate the greatest common divisor of 2 and j.
2
Suppose 70 = -0*p + p. Calculate the greatest common factor of p and 10.
10
Let y = -34 + 49. Suppose 0 = -3*l + 4*l - 3. What is the greatest common factor of y and l?
3
Let h(p) = p**3 + 2*p**2 - 2*p. Let f be h(-3). Let x be (-52)/f - (-1)/(-3). What is the greatest common divisor of 187 and x?
17
Suppose -2*c - 2*c - 20 = 0. Let h = c + 9. Let l be 6 + 4 - (6 + -6). Calculate the highest common factor of h and l.
2
Let d(t) be the first derivative of 10/3*t**3 + 3 - 2*t**2 + 0*t. Let p be d(4). Calculate the highest common factor of p and 18.
18
Suppose y + 4*y = 0. Suppose y = -u - 4*u - 20. Let l(a) = -4*a - 4. Let z be l(u). Calculate the greatest common divisor of 18 and z.
6
Suppose 120 = -7*g + 2*g. Let x be 0 - (5 - (1 + -2)). Let m be (-4)/g - 143/x. What is the highest common factor of m and 60?
12
Let r(x) = x**2 + 8*x - 3. Let k be r(-9). Suppose -3*m - k = -2*v, -3*m + v + 3*v = 6. Let w be (-7 + 4/m)*-1. Calculate the greatest common factor of 3 and w.
3
Let i be (-46)/(-3)*1*3. Let n = 100 - i. What is the greatest common factor of 18 and n?
18
Suppose l - 78 = 4*l. Let n be l/(-10) - (-6)/15. Calculate the greatest common factor of 3 and n.
3
Suppose -w - 480 = -6*w. Let l be (36/(-4))/((-3)/4). What is the highest common factor of l and w?
12
Suppose 0 = 19*c - 23*c + 156. Calculate the greatest common divisor of 13 and c.
13
Let w(l) = 30*l - 9. Let h(t) = -15*t + 4. Let m(z) = 5*h(z) + 2*w(z). Let v be m(-2). What is the greatest common divisor of v and 8?
8
Let b be 12 - (1 + -1 + -2). Let j be ((-175)/150)/(2*(-2)/24). Calculate the highest common divisor of b and j.
7
Suppose -10*b = -7*b - 96. Suppose -2*p = -5*t - b, 16 = 3*p + 3*t - 11. Calculate the highest common divisor of p and 22.
11
Suppose 5*w - 4 = 1. Let l be (2 + -3)/(w/(-11)). Let s be ((-6)/(-4))/((-18)/(-264)). Calculate the highest common factor of l and s.
11
Let f(l) = -3*l - 10. Let h be (-2)/(-7) + 390/(-42). Let b be f(h). What is the greatest common factor of 85 and b?
17
Suppose 2*y + 5*y = 35. What is the highest common factor of 20 and y?
5
Let r = -34 + 139. Calculate the greatest common divisor of r and 21.
21
Let l = -7 + 5. Let t be (l/2 - 2676) + -2. Let a be t/(-27) + (-6)/27. What is the highest common divisor of a and 11?
11
Suppose 0 = -2*u - 3*u + 345. Let d = 97 - u. Calculate the greatest common factor of d and 7.
7
Suppose -276 = -4*q + 264. Suppose -4*b + q = -5*j - 5, -3*b = -5*j - 110. Calculate the highest common factor of 12 and b.
6
Let m(f) be the third derivative of -f**6/120 + 3*f**5/20 - f**4/6 - 5*f**3/3 - 5*f**2. Let b be m(8). Calculate the greatest common factor of b and 22.
22
Let a = 2 - -1. Suppose 67 = a*b - 68. Calculate the greatest common divisor of 18 and b.
9
Let w(z) = z**2 - 3*z - 2. Let i be w(3). Let a be -2*(-1)/(-2)*i. Let s be 2/7 + (-19)/(-7). What is the greatest common divisor of s and a?
1
Suppose 5*y - 4*o - 69 + 7 = 0, -4 = -y + 5*o. What is the greatest common divisor of y and 70?
14
Suppose -2*h = -4*t - 26, -32 = -4*h + 5*t - 2*t. Suppose 0 = h*s - s - 52. Let q = s - 7. What is the highest common divisor of 54 and q?
6
Let w = 201 - 93. Calculate the highest common divisor of 18 and w.
18
Let x(y) be the second derivative of 0 + 4*y + 7/3*y**3 - y**2. Let i be x(3). What is the greatest common divisor of i and 5?
5
Let a(m) = m**3 - 3*m**2 + 2*m + 4. Let x be a(3). Suppose 4*l = x + 38. What is the highest common factor of l and 96?
12
Suppose -19 = 4*y - 91. Suppose 16 = z - 38. Calculate the greatest common factor of y and z.
18
Let r(u) = -u**2 + 9*u + 14. Let x be r(0). Let p be -1 + 1 + 1 + 27. What is the highest common factor of x and p?
14
Let g be (-3 + 2)*2*-26. Suppose -2*r = r - 39. Calculate the greatest common divisor of g and r.
13
Let x(b) = 6*b**2 + 3*b + 2. Let c be x(-2). Let a be (-5)/(-1 + 0/1). Calculate the greatest common factor of a and c.
5
Suppose -k + 4*s = -14, 0*s + s + 12 = -4*k. Let h be 38/k*-1 + -3. What is the greatest common factor of h and 64?
16
Let l(i) = -i**2 - 9*i + 6. Let y(g) = -8*g**2 + g. Let x be y(1). Let s be l(x). Suppose -s = -j - 7. What is the highest common factor of 117 and j?
13
Suppose -2*b + 0*b - 2*r = 0, -2*b - r = 0. Suppose 10 = i - b. Let n be (-61)/(-4) + (-3)/12. Calculate the greatest common divisor of i and n.
5
Let t = 21 + -17. Calculate the greatest common factor of t and 1.
1
Let n(m) = m**2 + 8*m - 3. Let i be n(-6). Let p = -8 - i. Let a = 10 - -18. Calculate the highest common divisor of a and p.
7
Let p be -6*2/(-4)*1. Suppose -p*x - 2*x + 2880 = 0. Suppose 3*z - x = -z. Calculate the greatest common factor of z and 18.
18
Let z(q) = -13*q + 1. Let n be z(-15). Suppose w = 4*s + 97, -4*w + 116 = 3*s - n. Calculate the highest common factor of w and 9.
9
Let s = -136 + 246. Let b = 5 - 2. Suppose 2*f + b*p - 88 = 0, -5*p = -0*f + 2*f - 88. What is the greatest common factor of s and f?
22
Let a(x) = 27*x**2 - 2*x. Let i be a(-2). Let r(z) = 13*z**3 + z. Let f be r(1). Calculate the highest common divisor of i and f.
14
Let n be (-7)/5 + 2/5. Let v be (3/(-3))/n*3. Calculate the highest common divisor of v and 33.
3
Let a = 11 + -3. What is the highest common divisor of 72 and a?
8
Suppose x = -0 + 10. Let c(g) = -g**2 - g + 90. Let s be c(0). Calculate the highest common divisor of s and x.
10
Suppose 12 = a - 0*a. Let m be (a/(-10))/((-8)/60). What is the greatest common divisor of 18 and m?
9
Let k = -40 + 57. Let o(z) = -14*z + 1. Let v be o(-6). What is the highest common factor of v and k?
17
Let d = 166 - 118. Suppose 6 = -2*c - 5*y + 47, 0 = 3*c + 4*y - 44. Calculate the highest common factor of c and d.
8
Suppose 4*r = 9*r - 20. Suppose c = 2 - 1. Suppose -r*q + 11 = -c. What is the greatest common divisor of 33 and q?
3
Let s be (-327)/(-6) + 2/4. What is the greatest common factor of s and 5?
5
Let d be (-28)/(-10) + (-9)/(-45). Suppose -3*k + 